{"id":48813,"date":"2023-06-06T14:20:25","date_gmt":"2023-06-06T14:20:25","guid":{"rendered":"https:\/\/musicm.at\/mentions-legales\/"},"modified":"2025-02-21T09:07:21","modified_gmt":"2025-02-21T09:07:21","slug":"mentions-legales","status":"publish","type":"page","link":"https:\/\/musicm.at\/fr\/mentions-legales\/","title":{"rendered":"Mentions l\u00e9gales"},"content":{"rendered":"<p>[et_pb_section fb_built=\u00a0\u00bb1&Prime; admin_label=\u00a0\u00bbsection\u00a0\u00bb _builder_version=\u00a0\u00bb4.16&Prime; global_colors_info=\u00a0\u00bb{}\u00a0\u00bb][et_pb_row admin_label=\u00a0\u00bbrow\u00a0\u00bb _builder_version=\u00a0\u00bb4.22.1&Prime; background_size=\u00a0\u00bbinitial\u00a0\u00bb background_position=\u00a0\u00bbtop_left\u00a0\u00bb background_repeat=\u00a0\u00bbrepeat\u00a0\u00bb width=\u00a0\u00bb70%\u00a0\u00bb width_tablet=\u00a0\u00bb70%\u00a0\u00bb width_phone=\u00a0\u00bb85%\u00a0\u00bb width_last_edited=\u00a0\u00bbon|phone\u00a0\u00bb global_colors_info=\u00a0\u00bb{}\u00a0\u00bb][et_pb_column type=\u00a0\u00bb4_4&Prime; _builder_version=\u00a0\u00bb4.16&Prime; custom_padding=\u00a0\u00bb|||\u00a0\u00bb global_colors_info=\u00a0\u00bb{}\u00a0\u00bb custom_padding__hover=\u00a0\u00bb|||\u00a0\u00bb][et_pb_text admin_label=\u00a0\u00bbText\u00a0\u00bb _builder_version=\u00a0\u00bb4.16&Prime; background_size=\u00a0\u00bbinitial\u00a0\u00bb background_position=\u00a0\u00bbtop_left\u00a0\u00bb background_repeat=\u00a0\u00bbrepeat\u00a0\u00bb global_colors_info=\u00a0\u00bb{}\u00a0\u00bb]<\/p>\n<h2 class=\"wp-block-heading\">Informations conform\u00e9ment au \u00a7 5 TMG<\/h2>\n<\/p>\n<p>Jure Robek<br \/>Mildenbergstrasse 2b<br \/>6900 Bregenz<\/p>\n<\/p>\n<h2 class=\"wp-block-heading\">Contact<\/h2>\n<\/p>\n<p>T\u00e9l\u00e9phone : +43 (0)6706038584<br \/>E-mail : info@jurerobek.com<\/p>\n<\/p>\n<h2 class=\"wp-block-heading\">R\u00e8glement des litiges de consommation\/organe universel de conciliation<\/h2>\n<\/p>\n<p>Nous ne sommes pas dispos\u00e9s ou oblig\u00e9s de participer \u00e0 des proc\u00e9dures de r\u00e8glement des litiges devant un organisme de conciliation des consommateurs.<\/p>\n<\/p>\n<p>Source : <a href=\"https:\/\/www.e-recht24.de\">e-recht24.de<br \/><\/a> Information concernant S 19 (3) AStG <br \/>La Commission <br \/>europ\u00e9enne propose une <br \/>plateforme de r\u00e9solution <br \/>des litiges en ligne (OS), <br \/>que vous pouvez trouver <br \/>sur https:\/\/ec.europa.eu\/<br \/> consumers\/odr. Nous ne <br \/>sommes ni oblig\u00e9s ni <br \/>dispos\u00e9s \u00e0 participer \u00e0 une <br \/>proc\u00e9dure de r\u00e9solution <br \/>des litiges devant un <br \/>conseil d&rsquo;arbitrage des <br \/>consommateurs.<\/p>\n<\/p>\n<p>[\/et_pb_text][et_pb_text _builder_version=\u00a0\u00bb4.16&Prime; _module_preset=\u00a0\u00bbdefault\u00a0\u00bb background_size=\u00a0\u00bbinitial\u00a0\u00bb background_position=\u00a0\u00bbtop_left\u00a0\u00bb background_repeat=\u00a0\u00bbrepeat\u00a0\u00bb global_colors_info=\u00a0\u00bb{}\u00a0\u00bb]<\/p>\n<div class=\"woocommerce woocommerce-gzd woocommerce-gzd-complaints-shortcode\">\n\t\t\t<h3>Information pursuant to \u00a7 19 (3) AStG<\/h3>\n\t\t<p>Alternative Dispute Resolution Act - Online stores<\/p>\n\t\nZur Teilnahme an einem Streitbeilegungsverfahren vor einer Verbraucherschlichtungsstelle sind wir nicht verpflichtet und nicht bereit.<\/div>\n<p>[\/et_pb_text][\/et_pb_column][\/et_pb_row][\/et_pb_section]<\/p>\n","protected":false},"excerpt":{"rendered":"<p>Informations conform\u00e9ment au \u00a7 5 TMG Jure RobekMildenbergstrasse 2b6900 Bregenz Contact T\u00e9l\u00e9phone : +43 (0)6706038584E-mail : info@jurerobek.com R\u00e8glement des litiges de consommation\/organe universel de conciliation Nous ne sommes pas dispos\u00e9s ou oblig\u00e9s de participer \u00e0 des proc\u00e9dures de r\u00e8glement des litiges devant un organisme de conciliation des consommateurs. Source : e-recht24.de Information concernant S 19 [&hellip;]<\/p>\n","protected":false},"author":1,"featured_media":0,"parent":0,"menu_order":0,"comment_status":"closed","ping_status":"closed","template":"","meta":{"_et_pb_use_builder":"on","_et_pb_old_content":"","_et_gb_content_width":"","footnotes":""},"class_list":["post-48813","page","type-page","status-publish","hentry"],"_links":{"self":[{"href":"https:\/\/musicm.at\/fr\/wp-json\/wp\/v2\/pages\/48813","targetHints":{"allow":["GET"]}}],"collection":[{"href":"https:\/\/musicm.at\/fr\/wp-json\/wp\/v2\/pages"}],"about":[{"href":"https:\/\/musicm.at\/fr\/wp-json\/wp\/v2\/types\/page"}],"author":[{"embeddable":true,"href":"https:\/\/musicm.at\/fr\/wp-json\/wp\/v2\/users\/1"}],"replies":[{"embeddable":true,"href":"https:\/\/musicm.at\/fr\/wp-json\/wp\/v2\/comments?post=48813"}],"version-history":[{"count":7,"href":"https:\/\/musicm.at\/fr\/wp-json\/wp\/v2\/pages\/48813\/revisions"}],"predecessor-version":[{"id":49098,"href":"https:\/\/musicm.at\/fr\/wp-json\/wp\/v2\/pages\/48813\/revisions\/49098"}],"wp:attachment":[{"href":"https:\/\/musicm.at\/fr\/wp-json\/wp\/v2\/media?parent=48813"}],"curies":[{"name":"wp","href":"https:\/\/api.w.org\/{rel}","templated":true}]}}

Mentions légales

<p>[et_pb_section fb_built= »1&Prime; admin_label= »section » _builder_version= »4.16&Prime; global_colors_info= »{} »][et_pb_row admin_label= »row » _builder_version= »4.22.1&Prime; background_size= »initial » background_position= »top_left » background_repeat= »repeat » width= »70% » width_tablet= »70% » width_phone= »85% » width_last_edited= »on|phone » global_colors_info= »{} »][et_pb_column type= »4_4&Prime; _builder_version= »4.16&Prime; custom_padding= »||| » global_colors_info= »{} » custom_padding__hover= »||| »][et_pb_text admin_label= »Text » _builder_version= »4.16&Prime; background_size= »initial » background_position= »top_left » background_repeat= »repeat » global_colors_info= »{} »]</p>
<h2 class="wp-block-heading">Informations conformément au § 5 TMG</h2>
</p>
<p>Jure Robek<br />Mildenbergstrasse 2b<br />6900 Bregenz</p>
</p>
<h2 class="wp-block-heading">Contact</h2>
</p>
<p>Téléphone : +43 (0)6706038584<br />E-mail : info@jurerobek.com</p>
</p>
<h2 class="wp-block-heading">Règlement des litiges de consommation/organe universel de conciliation</h2>
</p>
<p>Nous ne sommes pas disposés ou obligés de participer à des procédures de règlement des litiges devant un organisme de conciliation des consommateurs.</p>
</p>
<p>Source : <a href="https://www.e-recht24.de">e-recht24.de<br /></a> Information concernant S 19 (3) AStG <br />La Commission <br />européenne propose une <br />plateforme de résolution <br />des litiges en ligne (OS), <br />que vous pouvez trouver <br />sur https://ec.europa.eu/<br /> consumers/odr. Nous ne <br />sommes ni obligés ni <br />disposés à participer à une <br />procédure de résolution <br />des litiges devant un <br />conseil d&rsquo;arbitrage des <br />consommateurs.</p>
</p>
<p>[/et_pb_text][et_pb_text _builder_version= »4.16&Prime; _module_preset= »default » background_size= »initial » background_position= »top_left » background_repeat= »repeat » global_colors_info= »{} »]</p>
<div class="woocommerce woocommerce-gzd woocommerce-gzd-complaints-shortcode">
			<h3>Information pursuant to § 19 (3) AStG</h3>
		<p>Alternative Dispute Resolution Act - Online stores</p>
	
Zur Teilnahme an einem Streitbeilegungsverfahren vor einer Verbraucherschlichtungsstelle sind wir nicht verpflichtet und nicht bereit.</div>
<p>[/et_pb_text][/et_pb_column][/et_pb_row][/et_pb_section]</p>

<p>Informations conformément au § 5 TMG Jure RobekMildenbergstrasse 2b6900 Bregenz Contact Téléphone : +43 (0)6706038584E-mail : info@jurerobek.com Règlement des litiges de consommation/organe universel de conciliation Nous ne sommes pas disposés ou obligés de participer à des procédures de règlement des litiges devant un organisme de conciliation des consommateurs. Source : e-recht24.de Information concernant S 19 [&hellip;]</p>
